common divisor of 8 and r?
4
Let j(k) = -232*k + 1696. Let t be j(7). Let g(a) = 36*a**2 - a + 4. Let w be g(4). What is the highest common factor of t and w?
72
Suppose 0 = 23*d - 3*d - 43783 - 66097. What is the greatest common factor of d and 670?
134
Let l(x) = -x + 9. Let h be l(4). Suppose -4*q - 8984 = -20*p, 4*p - 156 - 1636 = 2*q. What is the greatest common divisor of h and p?
5
Suppose -5*a - 532 = -5*s + 808, -5*a + 820 = 3*s. Let w(c) = 13*c**3 + 256*c**2 - 511*c + 2. Let o be w(2). Calculate the greatest common factor of o and s.
54
Let s be (-3)/(-6)*2 - -131. Suppose 230*u - 226*u = p + 140, -68 = -2*u + p. Calculate the highest common divisor of u and s.
12
Let h = -29 - -55. Let x(n) = 5*n**3 - 7*n**2 + n - 4. Let y be x(4). Calculate the highest common factor of h and y.
26
Let n(m) = -m**3 - 18*m**2 + 16*m + 22. Let z be n(-19). Let s be 102*(9/((-27)/(-4)) - 2). Let i = z + s. Calculate the highest common factor of i and 88.
11
Let d(i) = 163*i + 2568. Let n be d(0). Calculate the greatest common divisor of 24 and n.
24
Let s = 8212 + -4563. Calculate the highest common factor of 82 and s.
41
Let u = -100 - -105. Suppose 3*w = -u*j - 24 + 118, j - 28 = 4*w. Calculate the greatest common divisor of j and 40.
20
Let x(m) = -m**3 - 3*m + 4. Let l be x(-5). Let c(z) = 2*z - 2. Let s be c(3). Suppose 0*w = s*w - l. What is the greatest common factor of 4 and w?
4
Suppose 0 = 17*t - 439 - 989. Suppose -13 = -4*w - 1, -5*l = 4*w - 747. Calculate the highest common divisor of l and t.
21
Let k(x) = 2*x**2 + 2*x - 806. Let g be k(20). What is the highest common factor of 1445 and g?
17
Suppose -86 - 48 + 42 = -46*w. Suppose 7*f - 310 = 2*f. Calculate the highest common divisor of w and f.
2
Suppose y - 2*p = 20, 0 = -4*y + 8*p - 3*p + 89. Suppose 5*i - 1143 + 103 = 0. What is the greatest common divisor of y and i?
26
Let u be 200*((-3)/(-2))/((-9)/(-6)). Suppose f + 4 = 3*f, 0 = 3*l + 2*f - 124. What is the highest common factor of l and u?
40
Let n(q) be the third derivative of 13*q**5/15 + 25*q**4/4 + 183*q**2. Let o be n(-8). Calculate the greatest common divisor of o and 14.
14
Suppose -1790*u + 1764*u + 1976 = 0. What is the highest common factor of 13832 and u?
76
Let g be -3 + ((-13)/((-39)/(-16893)))/((-6)/8). Calculate the highest common divisor of 95 and g.
95
Suppose -10*x + 24 = -4*x. Suppose 5*h - 717 = -x*y, 4*h = y - 3*y + 354. Let q = -23 + y. Calculate the highest common factor of q and 20.
20
Suppose 2*v = 4*v - 96. Let l be -32*((-28)/7 - 2). Calculate the highest common factor of v and l.
48
Suppose 25*c - 22*c = -6. Let k be (-13 - -2 - -1)*c + 4. Let h(i) = -95*i + 2. Let p be h(-2). Calculate the greatest common factor of p and k.
24
Suppose -3*f = -8*f - 5*z + 150, -5*f + 3*z + 158 = 0. Let r = 4970 + -4939. Calculate the greatest common factor of f and r.
31
Suppose 0 = -k + 4*z + 41, -3*k + 4*z + 16 = -91. Let w = -620 - -622. Suppose -3*m + q = w*m - 52, 5*q = 15. What is the greatest common factor of k and m?
11
Let s = -16678 - -16910. Calculate the highest common divisor of s and 32.
8
Let j(c) = 15*c**2 - 171*c - 108. Let m be j(18). Calculate the greatest common factor of m and 27.
27
Let x = 6907 + -6082. What is the highest common factor of 75 and x?
75
Let m(u) = -u**3 + 5. Let r be m(-3). Suppose w - k - r = -0*w, 5*k - 15 = 0. Let h = -19 + w. What is the greatest common factor of 80 and h?
16
Let z be (-2 + (-2 - 130/4))*(-177 - -175). Calculate the highest common factor of z and 7154.
73
Suppose -80*t + 28*t = -22*t - 870. What is the highest common factor of t and 1421?
29
Let z(l) = -17*l**3 + 3*l**2 + l - 2. Let x be z(-2). Let a = 779 - 763. What is the greatest common divisor of a and x?
16
Let m = -66 + 87. Let p be (-3 - 3/9)*45/(-10). What is the greatest common divisor of m and p?
3
Let v(j) = 4*j - 27. Let d(k) = -2*k + 5. Let b be d(-5). Let r be v(b). Suppose r*t + 80 = 37*t. What is the highest common factor of t and 5?
5
Suppose 0*b - 8*b = -120. Let a(y) = 5*y + 35. Let l be a(2). What is the greatest common divisor of b and l?
15
Suppose -4*b = -2*j - 70, -2*b - 5*j - 70 = -5*b. Suppose 2*c - 850 = -b*c. Calculate the highest common factor of c and 175.
25
Let j be (26/(4 + 3048/(-750)))/((-4)/80). Calculate the highest common divisor of j and 13.
13
Let o(a) = -7*a**3 - a**2 + 13*a - 5. Let x be o(-3). Calculate the greatest common factor of 1003 and x.
17
Let u = 60 - 8. Suppose -4*q = -b + 102 - 2, 0 = 3*b + 2*q - 314. Calculate the greatest common factor of u and b.
52
Let u = 82 - -20. Let q be (u/8)/((-6)/(-32)). What is the greatest common divisor of q and 34?
34
Suppose -l - 3*p = -4*p, 2*l + p = 12. Let r be (18/l - 2)/((-18)/36). Let a = r + 17. Calculate the highest common divisor of 8 and a.
4
Suppose 2*k = 4*b - 250, -4*b + 265 = 2*k - 7*k. Suppose 0 = 22*x - 647 - 497. Let c = b - x. What is the greatest common divisor of c and 16?
8
Let x be (28/(-10))/((-348)/(-70) + -5). Suppose 94*n = x*n - 12. Suppose -10 = 5*k + 3*l - 43, n*l = 2*k - 9. What is the greatest common factor of 6 and k?
6
Suppose 2*i + 2*s - 16 = -2*i, 0 = 4*s. Suppose 0 = o + 3*f - 10, 2*o = i*f + 63 - 13. Calculate the highest common factor of o and 1387.
19
Suppose -3*c + 16 = -38. Let x(d) = 13*d - 13. Let j be x(-5). Let a = j - -150. What is the greatest common factor of a and c?
18
Suppose 239028 = 186*c - 119022. Calculate the greatest common factor of 495 and c.
55
Let x = 6105 - -2091. What is the greatest common divisor of 12 and x?
12
Suppose -345*h + 5597 + 958 = 0. Calculate the highest common divisor of h and 437.
19
Suppose 202 = 9*g - 23. Suppose 3*x - 134 = -5*u, 3*x + 140 - 24 = 5*u. What is the highest common factor of g and u?
25
Suppose 0 = -51*g + 70*g - 16182 - 2628. Calculate the greatest common divisor of 90 and g.
90
Suppose -53*m + 945 = -1493. What is the greatest common divisor of 529 and m?
23
Suppose 92*b - 20758 = -1691 - 2507. Calculate the highest common divisor of 255 and b.
15
Let l(n) = 13*n + 301. Let x be l(9). Suppose 6*t = t - 3*r + 389, -6 = -2*r. What is the highest common factor of x and t?
38
Suppose -4*k = 3*o - 2940, -377 + 361 = -4*o. What is the greatest common factor of k and 12?
12
Suppose -31 = -3*p - 325. Let b = p - -234. What is the greatest common factor of 8 and b?
8
Let u = -57 - -61. Suppose y - 7 = u*b + 101, 0 = 4*y + 4*b - 392. Calculate the greatest common divisor of 250 and y.
50
Let o be (5 + -4)/(4/8). Suppose 3*a = 2*y - 147, 19*a + 154 = o*y + 23*a. Calculate the greatest common divisor of y and 60.
15
Suppose -198*m = 93*m - 3372 - 2157. Calculate the greatest common divisor of 3629 and m.
19
Let a be (1/1)/(1/17). Suppose -6*b = -r - 1725, 315*r = b + 312*r - 262. Calculate the highest common divisor of b and a.
17
Suppose -2*r = -8, 7*r = h + 2*r. Let f(j) = 5*j - 70. Let w be f(18). Calculate the highest common divisor of h and w.
20
Let d(p) = 2*p**3 - 108*p**2 + 171*p + 127. Let t be d(53). What is the highest common divisor of t and 376?
188
Let d(t) = t**2 - 21*t + 30. Let l be d(21). Suppose 31*q - l*q + 68 = 0. Let m = 176 + q. What is the greatest common factor of 36 and m?
36
Suppose 0 = -170*z + 172*z - s - 896, 0 = -z - 4*s + 439. What is the highest common factor of z and 596?
149
Let b = 4306 + -4280. Suppose -5*x = -331 + 71. What is the highest common factor of b and x?
26
Suppose 5*a - a + 280 = 0. Let s = a + 66. Let h be -6*6/27*144/s. Calculate the highest common factor of 60 and h.
12
Suppose 4 = 3*b - 14. Let m be (-7042)/(-84) + 1/b. Let p be (-3 - 0)*(-3)/(-9) - -15. Calculate the greatest common factor of p and m.
14
Suppose 5*j - c - 2 = 0, 5*c - 13 = -3*j + 5*j. Let m be 201 + 8 - (3 - j). Calculate the highest common factor of m and 9.
9
Let w = -93 - -117. Suppose -46*g = -43*g - w. Suppose -4*u + 13 = 4*s - s, u - 4*s - 8 = 0. Calculate the highest common divisor of g and u.
4
Let s be (82 - 81)/(1/189). What is the highest common factor of 42 and s?
21
Let p = 260 + -257. Suppose -3*m + y = -219, p*y + 35 = m - 46. Calculate the highest common factor of m and 180.
36
Let p(t) = -3*t**2 + 95*t - 43. Let q be p(31). Suppose -q*w + 822 = -641. Calculate the greatest common factor of w and 11.